 -30 + -4 + 1.
-3
Evaluate -8 - (-18 + 9) - 7.
-6
Evaluate -4 + (5 - (-1 + (1 - -4))).
-3
(-8 - -14 - 10) + 5
1
7 - -1 - 3 - 11
-6
What is (-5 - (-10 - 1) - 5) + -2?
-1
(-3 + (-1 - -3) - -2) + 1
2
What is the value of -4 + 8 - (4 - (10 + -2))?
8
What is (2 - 3 - -1 - -1) + -1?
0
-18 - -19 - (-4 + (-1 - -2))
4
0 - -4 - (-2 - -1) - 4
1
What is (0 - -6) + 0 - (-2 + 2)?
6
Evaluate 4 + 2 + -5 + 7 + -15.
-7
Evaluate 0 + -4 - (1 - 1).
-4
Calculate -4 + 0 + (-3 - (-4 - 3)).
0
What is 0 - (8 - 4) - -8?
4
What is (1 + -4 - -4) + 4 + -2?
3
Calculate 1 + 1 - (26 - 29).
5
What is the value of -3 - (-20 + 8) - 8?
1
What is the value of -3 + 0 + 1 + (-33 - -37)?
2
Evaluate 4 - (2 - (-1 + 5) - -5).
1
What is 1 + 1 + 1 - (-10 - -14)?
-1
Evaluate 3 - (0 - (3 + -1)).
5
What is (3 - 11) + (16 - (-4 - -4))?
8
What is the value of -17 + 37 + -18 - (-2 - -6)?
-2
Evaluate -5 - (-2 + 4 + -1 + -1).
-5
What is (-2 - (3 + -2) - 0) + 5?
2
Calculate (0 + -6 - -5) + (-1 - -4).
2
What is -4 + -15 + 5 + 23?
9
-16 + -9 + -2 + 17
-10
What is the value of -1 + (0 + 1 - -2) + -5?
-3
(-1 - (-1 + 3 + 0)) + -2
-5
3 - (-3 - (7 - 8))
5
What is the value of -4 - (-11 - -11 - 1)?
-3
What is 6 + 1 - (-7 - -13)?
1
What is (31 - 32) + -2 + -2?
-5
Calculate -14 + 11 - (3 - 6).
0
(5 - 4) + -3 + -4 + 1
-5
What is the value of -4 + (13 + -7 + -4 - -2)?
0
1 + 16 - (-61 + 69)
9
Calculate (-7 - 3 - (-3 + -3)) + 9.
5
What is 3 - 3 - (-4 + 7 - 5)?
2
13 + -4 - (1 - (-4 - -2))
6
What is the value of -7 + (-9 - -13) - (1 + -3)?
-1
Calculate 3 + 4 - (4 - (1 - 0)).
4
Calculate 8 - (2 + 0) - 3.
3
What is -4 - (-7 - -2) - (4 + 0)?
-3
What is the value of -12 + 1 - -1 - -5?
-5
What is the value of -4 - (-4 - -2) - (0 + 0)?
-2
Evaluate (2 - -5) + -6 + (0 - -3).
4
What is the value of 8 - ((7 - 5) + 3)?
3
What is the value of (-1 - -4 - 4) + -1 + -2?
-4
Calculate 24 + -19 - (5 + 1).
-1
What is the value of 117 - 118 - (-3 - 1)?
3
What is (31 - 30) + 0 + 6 + -2?
5
Calculate 9 - ((8 - 20) + 19).
2
2 + 2 - 4 - 4
-4
What is 0 - -2 - (-2 - -3 - -1)?
0
Evaluate 1 + 3 + (8 - 7) + -3.
2
Evaluate 2 - -10 - (-3 - -9).
6
What is 2 + (62 - 55 - (-1 - -14))?
-4
What is 6 - 4 - (-1 - 2 - -4)?
1
Calculate 2 - ((1 - 6) + (-1 - -1)).
7
Calculate 1 - 4 - (-42 - -36).
3
What is the value of 13 - (12 + (12 - 10))?
-1
Calculate (-15 - (-1 + -5)) + 8.
-1
-3 - (-7 + 14 + 2 - 7)
-5
-2 - 3 - (-8 + 4) - -1
0
Calculate (-4 - (-5 + 0)) + 3 + -1.
3
Evaluate -22 + 12 + 11 + 5.
6
What is the value of 4 + -1 + -1 - 2?
0
What is the value of (15 - 13) + -4 + 1?
-1
What is -4 - (3 + -6 - 7)?
6
Calculate 4 + -2 - (2 - -4).
-4
-2 + (2 + 3 - (7 + -4))
0
(8 - (2 + 3)) + 2
5
-6 + 1 + 0 + 2 + 3
0
Calculate (-2 - (1 + 1)) + (60 - 57).
-1
What is the value of (-18 - -9) + 7 + -1?
-3
What is the value of (-7 - -2) + -2 + -7 + 6?
-8
Evaluate 3 - ((3 + -1 - 1) + 6).
-4
Calculate 4 + 12 + (1 - 11).
6
What is 3 + (0 - -4) + -4 + -2?
1
What is -3 + -1 + 9 + -2?
3
What is the value of (1 - (1 + 3)) + 58 + -58?
-3
What is 1 + 8 + 0 + -18 + 18?
9
3 - (7 + -5) - -4
5
-3 + (4 - (-1 - -5))
-3
Calculate -2 + (5 - 1 - -3 - 1).
4
3 + (3 - 1 - 1 - 6)
-2
Evaluate -2 - (-3 - -5) - (-2 - 0).
-2
What is the value of -3 + (-1 - (1 - 3)) - 2?
-4
Calculate (1 - 1) + (-1 - -12) + -16.
-5
Calculate (-10 + 19 - 5) + (-6 - 1).
-3
Calculate -4 + 3 + 1 + 1.
1
What is -3 - (1 + 5 - 5)?
-4
What is -3 + (1 - 4 - (-8 - -4))?
-2
3 + 2 + -4 + (1 - 4)
-2
Calculate (2 - 1) + 0 + 2.
3
What is the value of 5 - (0 - (-2 + -1 + -1))?
1
Calculate -10 - (-26 - -8) - 2.
6
What is the value of -5 - 0 - (22 + 7 + -28)?
-6
Evaluate 6 + -8 + (8 - 2 - 5).
-1
1 + -11 + 2 - -15
7
What is -2 - (1 - 6) - 3?
0
What is the value of (1 - (0 + 4)) + (15 - 15)?
-3
What is the value of -11 - (1 + -4 + -3)?
-5
What is -13 + (-3 - -6) - -3?
-7
0 + -2 + -5 - (-2 - -1)
-6
Evaluate (3 - (1 + 0)) + 49 + -47.
4
Evaluate 18 + -7 + -9 - (8 + 1).
-7
What is the value of 6 + (-8 - (-6 + 5))?
-1
-1 - 0 - (1 - 1)
-1
What is the value of -3 + 8 - (6 + -3)?
2
Calculate 1 - (6 + -3 - (11 - 13)).
-4
What is the value of -7 + (1 + -8 - -5) + 12?
3
What is the value of -3 + -3 + 8 - (1 + 1)?
0
What is the value of (2 - 4) + 2 - (-1 + 3)?
-2
Calculate 1 + (7 - (4 + -1)).
5
What is the value of (2 - (-3 + -1)) + -2 + 0?
4
(0 - (1 - 0 - -1)) + 4
2
Calculate 1 - -4 - (-16 - -16).
5
What is (15 - -3 - 12) + -8?
-2
What is 9 + -4 + -4 + 2?
3
What is 4 + (1 - 6) - -3 - 6?
-4
Evaluate -11 - (-12 - (9 - 15)).
-5
Calculate 0 + 0 - (0 + -4 + 3).
1
What is -15 + 11 + 1 + -2 + 4?
-1
Calculate (1 - -2 - -7) + -7.
3
What is -4 + (1 - (4 - -3) - -5)?
-5
What is (0 - 8) + 4 - (-4 - 0)?
0
Calculate -5 + 1 + 3 + 5.
4
Calculate 0 - (3 - 0) - (-1 + -3).
1
What is the value of -4 + -3 + 4 + -1 + 4?
0
Evaluate (-1 - (10 + -6)) + 6.
1
What is -1 + (-2 - -3) + (1 - 1)?
0
Calculate -7 + (13 - (0 - -4)) + -5.
-3
What is -5 - (1 - (-3 - -5)) - 0?
-4
What is the value of 14 - 10 - (1 - (0 - 10))?
-7
-53 + 52 - (-1 - (1 + -11))
-10
What is (2 - -2) + 30 + -29?
5
What is the value of 0 + 0 - (-14 - (-4 - 4))?
6
18 + (4 - 10) + (-4 - 2)
6
Calculate (6 - 10) + 8 - 8.
-4
Calculate -3 + -1 + (23 - 20).
-1
What is the value of -2 + (-1 - (-10 - -7))?
0
Calculate 0 - (-7 - (-8 - -7)).
6
Evaluate (-1 + -1 - 1) + 4 + -6.
-5
Evaluate (2 - (-2 - -5)) + 3 + 0.
2
What is the value of (60 - 69) + (0 - -7)?
-2
2 + -4 - -2 - 2
-2
6 + -7 + (0 - -2) - -8
9
Evaluate (-8 + 3 + 1 - -5) + 2.
3
What is the value of (-3 - 1) + 6 + (-5 - 0)?
-3
Calculate -5 - (-9 + 9 + 0 + -5).
0
-9 + (-3 - -3) + 3 - -2
-4
What is the value of 1 - (2 + -2 + 1 + -5)?
5
What is -6 + -1 + -17 + 11 + 9?
-4
What is the value of 2 + 1 + 1 + 0?
4
Calculate (-2 - 2) + 1 - (5 - 7).
-1
(3 - 5) + 6 + 0
4
What is -9 - (-15 - (-3 + -4))?
-1
(0 - -1) + 1 + -9 + 4
-3
Evaluate -1 + (-3 - (-4 + -3 - 2)).
5
What is 2 + -1 + (16 - 15)?
2
Evaluate 2 - 0 - (26 - 21).
-3
Evaluate -5 + 4 - ((4 - 2) + -1).
-2
Evaluate 0 - (-1 + 3) - 1.
-3
What is the value of -5 - -6 - -3 - 0?
4
Calculate (-2 + -2 - -2 - -7) + -1.
4
Evaluate -2 - (-1 + 0 + (1 - -1)).
-3
What is the value of (2 - 2) + (2 - (3 - -2))?
-3
(6 - -1) + -1 - (1 - -3)
2
Calculate 2 + 0 - (6 + 5 + -14).
5
Calculate -6 + (3 - (-6 - -11)).
-8
Evaluate -4 - (2 + -3 - 6).
3
-4 - (2 + -2) - -7
3
What is -16 - (-14 + (-2 - -7))?
-7
What is the value of 1 - (6 - 3) - (-1 + -1)?
0
What is -1 + -8 + 13 + -13 + 1?
-8
What is -1 - 6 - (43 - 47)?
-3
-7 + (-5 - (2 + -5)) - -4
-5
Calculate 27 + -19 - (-1 + 4).
5
What is the value of 2 + (-10 - (10 + -11))?
-7
Evaluate 4 + 4 + (-6 - -1).
3
Evaluate -2 - (-4 - 0 - (30 + -34)).
-2
Calculate 8 - 5 - 4 - (1 - -1).
-3
What is the value of (3 - (-1 - (-7 - -7))) + 3?
7
(12 - 18 - -16) + -6
4
Calculate (-7 - -10) + (0 - (4 - 0)).
-1
What is the value of 0 - (0 + -10 + 11)?
-1
Evaluate -1 - (10 - (4 + 2)) - -4.
-1
23 - 32 - (-2 - 5)
-2
What is the value of -1 + -2 + (24 - 28) + 0?
-7
What is the value of (9 - 0) + -170 + 156?
-5
2 + (4 - (4 - -3))
-1
What is the value of -9 - (5 + -3 + 0 + -6)?
-5
(10 + 1 + -3 - 5) + 1
4
What is the value of -3 - (-13 - -7 - -11)?
-8
Calculate (6 - 12) + 11 - (8 + -2).
-1
-7 + 3 - (1 - 0)
-5
What is the value of -8 + 10 - (2 - -1)?
-1
-1 - ((-1 - -2) + -3)
1
Evaluate 6 + 0 - (7 - (-9 - -6)).
-4
What is 2 - 4 - 5 - (-2 - 1)?
-4
What is the value of 3 + -4 + -2 + -1 + 6?
2
Evaluate -2 + -10 + 1 + 4.
-7
What is the value of 8 - (4 + (1 - 4) + 3)?
4
120 - 113 - (1 + 6)
0
Evaluate -8 + 16 + -16 + 3.
-5
Calculate -1 + -2 - (-4 + -4 - -5).
0
What is -5 - (-5 + 0 + 3) - -5?
2
What is the value of -5 - (4 - (5 - 4 - -4))?
-4
Calculate -10 - (-1 + -2) - -3.
-4
Evaluate (2 - 5) + 7 + -3 + 1.
2
What is 5 - (-4 + 6 + -5) - 5?
3
What is -8 + 2 + (3 - (-3 - -5))?
-5
Calculate 1 - 1 - ((-4 - -4) + 3).
-3
Calculate -5 - 0 - -4 - 2.
-3
Calculate (0 - -6) + -7 + (11 - 2).
8
What is -23 + 17 + 2 + 0?
-4
What is 5 + -1 + -6 + -1?
-3
What is -8 + -14 + 20 + -8 + 2?
-8
Calculate -3 + -1 - (-44 + 37) - -5.
8
Evaluate (-8 - 3 - -18) + -8.
-1
What is -13 + 0 + 12 + 9?
8
What is the value of 2 - (-1 + 4) - (-4 + 1)?
2
-4 - (-2 + -2 + -1 + 5)
-4
What is the value of -1 - (-4 + 0 + 1 + 0)?
2
Calculate 0 - (-2 + 7 + -13).
8
What is -3 + 3 + -5 + (-6 - -7)?
-4
What is the value of -3 + (4 - -3) - 6?
-2
Evaluate (9 - 6) + 1 + -